q = -86 - m. List the prime factors of q/(-35)*(-10)/(-4).
2
Suppose 6 = n + 2*n. Suppose -110 = -7*s + n*s. What are the prime factors of s?
2, 11
Let d(r) = r**3 - 8*r**2 + 5*r + 8. Let l = 10 + -3. Let u be d(l). Let c = u - -13. What are the prime factors of c?
7
Suppose -4*g = -5*k - 53, 4*g = -2*k + 20 - 2. Suppose 2*j = g - 1. Suppose 5*i - 14 = 2*c, j = 3*i + c - 1. List the prime factors of i.
2
List the prime factors of (-192)/(-9) + 4/6.
2, 11
Let l(z) = z**3 + 5*z**2 - z - 6. Let x be l(-5). List the prime factors of (1*x)/(16/(-816)).
3, 17
Let y = 1 - -9. Let k be 2 + -2 + 2 + -1. List the prime factors of k*(2 + y + 0).
2, 3
Suppose -g + 4*a + 17 = 0, 3*g - 1 - 8 = -2*a. Suppose -5*k - 2*j + 14 = -0*j, g*k - 5*j = 0. List the prime factors of k.
2
Let c(y) = -23*y**3 - 2*y**2 + 1. What are the prime factors of c(-1)?
2, 11
Suppose 5*h + 12 = h, 2*a = -3*h + 71. List the prime factors of a.
2, 5
Suppose -230 = -3*b - w - 59, -2*b - 2*w = -110. List the prime factors of b.
2, 29
Let g = 7 - -1. List the prime factors of g.
2
Let g be 428/5 + 6/(-10). Suppose 0 = -4*a - a + g. List the prime factors of a.
17
Let n(a) = a**3 - a**2 + 4*a - 4. List the prime factors of n(2).
2
Let b = 73 - 49. What are the prime factors of b?
2, 3
Let p be 5/(-2)*(-58 - 0). Suppose -9*u = -4*u - p. Suppose 2*l + 7 = u. List the prime factors of l.
11
Let d = -51 + 67. What are the prime factors of d?
2
Let g(a) = -a**3 - 6*a**2 - 9. Let l(b) = b - 1. Let y(c) = g(c) - 5*l(c). List the prime factors of y(-6).
2, 13
Suppose 261 = 6*m + 39. Let f = m + -13. What are the prime factors of f?
2, 3
Let z(b) = -b**2 - b + 1. Let h(p) = 7*p**2 + 3*p - 1. Let k(v) = h(v) + 2*z(v). What are the prime factors of k(-1)?
5
Suppose 0 = -3*f - f + 208. Suppose 4*a - f = 24. Let v = -12 + a. List the prime factors of v.
7
Suppose -w = -0*z - 4*z + 472, -5*z + 5*w = -605. List the prime factors of z.
3, 13
Suppose -5*x = -3*j + 168, 176 = -5*x + 2*j - j. List the prime factors of ((-243)/x)/(3/8).
2, 3
Suppose -5*i = -15 - 40. Let o = i - 1. Let d = -6 + o. What are the prime factors of d?
2
Let g(r) = r**2 + 3*r - 6. Let m be 4 + -2 + -13 + 0. Let i = m + 5. What are the prime factors of g(i)?
2, 3
Let i = -10 - -6. Let t(w) = w**3 + 4*w**2 - 3*w + 5. What are the prime factors of t(i)?
17
Suppose -6*b = -2*b - 52. List the prime factors of b.
13
Let q be 6 - 0 - (-15)/(-5). Let h(k) = -k**3 + 6*k**2 - 3*k - 1. List the prime factors of h(q).
17
Suppose 0 = 2*g + 4*t + 116, -g + 2*g + 4*t + 62 = 0. Let f = -29 - g. List the prime factors of f.
5
Let q be 34/7 - 2/(-14). Let n be 7/14 - q/(-2). Suppose n*d - 34 = -10. What are the prime factors of d?
2
Suppose m - 6 = -2*m. Suppose 0 = 5*h - 5*y - 135, 0 = -4*h + y + m*y + 103. Let p = h + -13. What are the prime factors of p?
3
Suppose -26 = -3*d + 211. What are the prime factors of d?
79
Suppose 0 = -4*n + 2*n + 4. Suppose 5 = -n*u + 29. What are the prime factors of u?
2, 3
List the prime factors of (0 + 2 + -1)*35.
5, 7
Suppose -8 = 4*p, p = -4*t + t + 22. Suppose -5*k + 5*u = -55, 2*u = 3*k - t - 26. List the prime factors of k.
2, 3
Let s(m) = 9*m**2 + 4*m - 5. Suppose -i + 1 = -1. List the prime factors of s(i).
3, 13
Suppose 7 = -3*p + 28. What are the prime factors of p?
7
Let w be (2/(-6))/(3/(-18)). Let v(j) = -w - j - 4 + 5. What are the prime factors of v(-6)?
5
Let m(b) = b**3 + 7*b**2 - 8*b + 2. List the prime factors of m(-8).
2
Let g = -3 - -19. List the prime factors of g.
2
Let s be 2/5 - 290/(-25). List the prime factors of (s/(-15))/((-2)/60).
2, 3
Suppose -2*j - 574 = -9*j. List the prime factors of j.
2, 41
Suppose 0*y + 3*y + 5*u + 1 = 0, -4*y + 4*u = 12. Let b = 7 - y. List the prime factors of b.
3
Suppose 3*s - 264 = 99. Suppose a + 0*q + 2*q = 27, -2*q - s = -3*a. What are the prime factors of a?
37
Let p = -8 - -4. Let z be -1*(-1 - 1*-3). Let a = z - p. What are the prime factors of a?
2
Suppose 28 = 4*v - 52. Suppose 0 = a - u + 5*u - 5, 4*a + 4*u = v. Suppose -2*c + 7 = -a. What are the prime factors of c?
2, 3
Suppose 0 = 3*k + 2*k - 25. What are the prime factors of (-5)/(-25) - (-94)/k?
19
List the prime factors of -1*(-68 + (-1 - -3)).
2, 3, 11
Let n = 0 - -4. Let l = -2 + n. Suppose -l*z - 3*z + 55 = 0. What are the prime factors of z?
11
Let p(j) = -j**2 + 5*j - 3. Let h be (12/14)/(4/(-28)). Let r be ((-4)/h)/(6/27). What are the prime factors of p(r)?
3
Suppose 3*k = -k - 24. What are the prime factors of ((-4)/k)/(8/36)?
3
Let c(f) = 27*f**3 + f**2 - 1. Suppose q = 4 - 3. What are the prime factors of c(q)?
3
Suppose 2*d = -4*b + 100, 2*b + d - 2*d - 42 = 0. What are the prime factors of b?
23
Let f = -130 - -213. Suppose -4*u = 2*y - 114, 4*u = u + y + f. List the prime factors of u.
2, 7
Suppose c + c = 5*n - 159, -4*c = -5*n + 153. Suppose n = -q + 10. Let r = 41 + q. List the prime factors of r.
2, 3
Suppose -973 = -10*f + 3*f. What are the prime factors of f?
139
Suppose 3*b + 28 = 4*b. List the prime factors of b.
2, 7
Suppose 0 = -4*v + 137 + 119. What are the prime factors of v?
2
Let l = -314 + 442. List the prime factors of l.
2
Let n(v) = v**2 + v - 2. Let q = -4 - -1. List the prime factors of n(q).
2
Suppose 4*f + 40 = 8*f. List the prime factors of f.
2, 5
Let u = -59 - -103. What are the prime factors of u?
2, 11
Suppose -4*b + 133 = -459. List the prime factors of b.
2, 37
Let b(o) = 62*o**2 - 2*o - 1. What are the prime factors of b(-1)?
3, 7
Let s(y) be the first derivative of -y**4/4 - 2*y**3 - 5*y**2/2 + 3*y - 1. Let i be s(-4). List the prime factors of 3/(-9)*1*i.
3
Let u(y) = 40*y**2 - y - 1. What are the prime factors of u(2)?
157
Let f = 3 + -1. Suppose -4*j + f*k + 3*k + 108 = 0, 3*j - 3*k - 78 = 0. What are the prime factors of j?
2, 11
Let i = 85 - 43. Suppose -2*k = -k - 5. What are the prime factors of 5*k/(75/i)?
2, 7
Let c be (-2)/7 - (-520)/7. Let u = c - 35. List the prime factors of u.
3, 13
Let b = -6 + 8. Suppose k + 0*z - z = 17, 4*k + b*z = 92. Let g = k - 12. List the prime factors of g.
3
Let y = -33 + 81. What are the prime factors of y?
2, 3
Let v(f) = f**2 - 9*f - 26. List the prime factors of v(-15).
2, 167
Suppose v = 5*j - 4*v + 100, -3*j - 2*v - 45 = 0. List the prime factors of 20 + j + 37/1.
2, 5
Suppose 7*d = 3*d + 12. Suppose 0*g = -d*g + 36. What are the prime factors of g?
2, 3
Let h(l) = 5*l**2 + 6*l - 1. List the prime factors of h(-3).
2, 13
Let i = 29 - -3. Let m = i - 0. List the prime factors of m.
2
Let u(w) = -w**2 + 4*w - 4. Let a be u(3). Let m = a - -5. Suppose -m*z - 51 = -5*i, 3 = 2*i + z - 7. What are the prime factors of i?
7
Let l = 629 - 404. List the prime factors of l.
3, 5
Let p = -18 + 106. What are the prime factors of p?
2, 11
Let n(i) = i**3 - 5*i**2 - 2*i - 3. Let v = -31 - -10. Let f = -15 - v. What are the prime factors of n(f)?
3, 7
Let u = -67 + 125. What are the prime factors of u?
2, 29
Suppose 2*i - 29 - 131 = 0. What are the prime factors of i?
2, 5
Suppose 8 = -39*t + 40*t. What are the prime factors of t?
2
Suppose g - 7 = -3. Suppose 2*r - g*r = -26. List the prime factors of r.
13
Let k = 13 + -9. Suppose 4*b + 54 = 4*i - i, 5*i = -k*b + 122. What are the prime factors of i?
2, 11
Suppose -3*j - 10 - 2 = -3*n, 5 = 3*n + 4*j. What are the prime factors of n?
3
Suppose -11*r + 76 = -10*r. List the prime factors of r.
2, 19
Suppose f = -5 - 5. List the prime factors of f/3*96/(-40).
2
Let k(w) = w - 1. Let h be k(3). Suppose 0 = 4*i + 5*u - 3 - 13, h*u + 26 = 2*i. What are the prime factors of i?
3
Let h(j) = j**3 + 2*j**2 - 5*j - 4. Let i be h(-4). Let x = i - -49. List the prime factors of x.
3, 11
Let c(g) = -69*g - 15. Let k(m) = 17*m + 4. Let n(f) = -4*c(f) - 15*k(f). List the prime factors of n(1).
3, 7
Let k(m) = -m + 3. Let i = 6 + -13. List the prime factors of k(i).
2, 5
Suppose m - 5 = -4*s, 0 = -m - s - s + 7. List the prime factors of m.
3
Let h(y) = 5*y - 8. Let j(m) = 4*m - 7. Let o(z) = -3*h(z) + 4*j(z). Let v be o(6). Suppose 8 = 3*k - v*k + g, -5*k + 43 = 2*g. What are the prime factors of k?
3
Let p be -6*1*(-2)/6. Suppose -9 = -p*j + 7. What are the prime factors of ((-9)/(-12))/(2/j)?
3
Let c = 56 + -27. What are the prime factors of c?
29
Suppose 0 = -4*t + 4*u + 2